{"id":1575,"date":"2013-11-20T16:16:01","date_gmt":"2013-11-20T15:16:01","guid":{"rendered":"http:\/\/beit-emoenah.nl\/26\/?page_id=1575"},"modified":"2017-09-19T17:33:37","modified_gmt":"2017-09-19T15:33:37","slug":"zegel-6-en-de-droge-beenderen","status":"publish","type":"page","link":"https:\/\/beit-emoenah.nl\/26\/studies\/openbaring\/zegel-6-en-de-droge-beenderen\/","title":{"rendered":"Zegel 6 en de droge beenderen"},"content":{"rendered":"<p>Op deze pagina vindt u meer informatie over Zegel 6 en de droge beenderen.<\/p>\n<p>Satan is al honderden jaren bezig de basis te leggen voor een seculiere nieuwe wereldorde (en een wereldregering), en tegen de tijd dat we het zesde zegel bereiken, zal zijn plan voldoende vergevorderd zijn en zal een soort van \u201ckritische massa\u201d zijn gerealiseerd, en zullen zowel de aard als het gezicht van de samenleving veel sneller beginnen te veranderen.<\/p>\n<p>Openbaring is een visioen, de gebeurtenissen die spelen, spelen zich af in de hemelse gewesten. Maar deze hemelse gebeurtenissen hebben doorgaans een \u201caardse schaduw\u201d, ook al ziet het er niet altijd precies hetzelfde uit als het hemelse beeld. De sleutel tot het begrijpen van Openbaring is dan ook het decoderen van die symboliek. Als we begrijpen wat de symbolen betekenen, dan kunnen we een beter idee krijgen over wat ons te wachten staat.<\/p>\n<p>Openbaring vertelt ons dat er een grote aardbeving zal zijn bij het zesde zegel. Probeer je voor te stellen dat deze \u201cgrote aardbeving\u201d echt een \u201csociaal terrein beving\u201d is (dat wil zeggen, een enorme verandering in de aard van de samenleving) die plaatsvindt wanneer de \u201coude wereldorde\u201d van christelijke en islamitische landen uit elkaar gebroken wordt en weer in elkaar gezet wordt onder auspici\u00ebn van de Verenigde Naties (VN) naar aanleiding van een nucleaire crisis in het Midden-Oosten. Laten we deze passage eerst lezen en dan zullen we praten over de betekenis van de andere symbolen.<\/p>\n<p><strong><em>Hitgalut (Openbaring) 6:12-17<br \/>\nEn ik zag toen het Lam het zesde zegel geopend had, en zie, er kwam een grote aardbeving, en de zon werd zwart als een haren zak, en de maan werd als bloed, en de sterren van de hemel vielen op de aarde, zoals een vijgenboom zijn onrijpe vijgen afwerpt als hij door een harde wind wordt geschud. En de hemel week terug als een boekrol die wordt opgerold. En alle bergen en alle eilanden werden van hun plaats gerukt. En de koningen van de aarde, de groten, de rijken, de oversten over duizend, de machtigen en alle slaven en vrije mensen verborgen zich in de grotten en tussen de rotsen in de bergen. En zij zeiden tegen de bergen en de rotsen: Val op ons en verberg ons voor het aangezicht van Hem Die op de troon zit, en voor de toorn van het Lam. Want de grote dag van Zijn toorn is aangebroken en wie kan dan staande blijven?<\/em><\/strong><\/p>\n<p>Veel commentatoren zijn van mening dat de als een boekrol terugwijkende hemel verwijst naar de paddenstoel wolk van een nucleaire explosie. Nu islamitische landen zoals Pakistan (en binnenkort ook Iran) en communistische landen als Noord Korea kernwapens verkrijgen is dit een realistisch en zeer waarschijnlijk scenario. Dus, als de koningen der aarde en de groten, de rijken, etc., zich gaan verbergen in de holen en de rotsen zou dit een verwijzing naar hun schuilkelders kunnen zijn. Maar hoe zit het dan met de andere symbolen?<\/p>\n<p>In Maleachi 4:2 wordt Yeshua beschreven als de zon van gerechtigheid, die opgaat met genezing onder Zijn vleugels.<\/p>\n<p><strong><em>Maleachi 4:2<br \/>\nMaar voor u die Mijn Naam vreest, zal de Zon der gerechtigheid opgaan en onder Zijn vleugels zal genezing zijn; en u zult naar buiten gaan en dartelen als kalveren uit de stal.<\/em><\/strong><\/p>\n<p>In Openbaring 22:16 zegt Yeshua dat Hij het licht en de morgenster (dat wil zeggen, de zon) is. Hoewel dit niet de \u201czondag\u201d aanbidding rechtvaardigt, is het toch de analogie die Hij voor Zichzelf toepast.<\/p>\n<p><strong><em>Hitgalut (Openbaring) 22:16<br \/>\nIk, Yeshua, heb Mijn engel gezonden om bij u in de gemeenten van deze dingen te getuigen. Ik ben de Wortel en het Nageslacht van David, de blinkende Morgenster.<\/em><\/strong><\/p>\n<p>Maar als Yeshua wordt beschreven als de \u201czon\u201d, stel je dan voor dat de \u201czon\u201d die zo zwart wordt als een haren zak in Openbaring 06:12 (boven) verwijst naar de leer van de rooms-katholieke kerk en haar dochters (de protestantse en orthodoxe kerken). De oude Romeinse swastika is een traditioneel symbool van de Romeinse macht en overheersing, en het wordt in de occulte wereld genoemd als de \u201czwarte zon\u201d.<\/p>\n<p>Als de \u201czwarte zon\u201d verwijst naar de Romeinse doctrines, stel je dan voor dat de \u201cmaan\u201d in Openbaring verwijst naar de hoofdstroming in het Jodendom, de Torah maar zonder Yeshua. De Schrift vertelt ons dat het word van \u05d9\u05d4\u05d5\u05d4 is als een lamp, en dit is het licht waarmee het jodendom wandelt.<\/p>\n<p><strong><em>Tehilliem (Psalmen) 119:105<br \/>\nUw woord is een lamp voor mijn voet en een licht op mijn pad.<\/em><\/strong><\/p>\n<p>Natuurlijk kun je \u201cwandelen\u201d in het licht van de maan, maar lang niet zo goed als bij daglicht. Maar als de maan (d.w.z., mainstream Joodse leerstellingen) bloedrood wordt zou dat kunnen betekenen dat het jodendom nog meer corruptie begint te onderwijzen dan ze al doen. Hoe? Satans plan is het om alle religies van de wereld samen te voegen onder de paus (die op zijn beurt aan de VN zal rapporteren).<\/p>\n<p>In 2004 hebben de opperrabbijnen Yona Metzger (Ashkenazi) en Shlomo Amar (Sefardisch) een nieuw \u201cVerenigde Naties van religie\u201d voorgesteld aan de paus. En daarna ontmoette de paus moslimleiders op het tempelplein, mogelijk om te bespreken hoe ze hun geloof samen kunnen brengen.<\/p>\n<p>Daarna verscheen de paus bij de VN en werd hij er als een held welkom geheten.<\/p>\n<p>Als hypothese: Als er een nucleaire crisis in het Midden-Oosten uitbreekt bij het zesde zegel tussen de islamitische landen en Isra\u00ebl, zou de VN in kunnen grijpen en Jeruzalem tot een \u201cinternationale stad\u201d kunnen maken, en de paus kunnen vragen er een \u201cinterreligieuze tempel\u201d te vestigen, met de buitenste binnenplaats open voor alle heidense religies van de wereld.<\/p>\n<p>Dit is een realistisch scenario, en als een dergelijke \u201cinterreligieuze tempel\u201d wordt gebouwd, dan zou het de weg vrijmaken voor de rest van Openbaring om precies zo plaats te vinden als het geschreven staat.<\/p>\n<p>De \u201csterren\u201d in Openbaring kunnen het zaad van Avraham, waarvan \u05d9\u05d4\u05d5\u05d4 zei dat het zo talrijk als de sterren aan de hemel zou worden, vertegenwoordigen.<\/p>\n<p><strong><em>B\u2019reisheet (Genesis) 22:17<br \/>\nIk zal u zeker rijk zegenen en uw nageslacht zeer talrijk maken, als de sterren aan de hemel en als het zand dat aan de oever van de zee is. Uw nageslacht zal de poort van zijn vijanden in bezit hebben.<\/em><\/strong><\/p>\n<p>In dit geval kunnen de \u201csterren\u201d onze neven in Isma\u00ebl vertegenwoordigen, dat wil zeggen, de moslims. Velen van hen zouden van hun geloof kunnen \u201cafvallen\u201d als er een interreligieuze tempel is gebouwd in Jeruzalem, in tegenstelling tot de islamitische profetie. Omgekeerd kunnen, zoals anderen suggereren, de \u201csterren die vallen uit de hemel\u201d verwijzen naar nucleaire raketten, aangezien de \u201chemel verdwijnt als een boekrol\u201d in het volgende vers van Openbaring 6:12-17.<\/p>\n<p>Met Iran dat zo streeft naar het verwerven van kernwapens, lijkt het slechts een kwestie van tijd totdat er een nucleair conflict uitbreekt in het Midden-Oosten. En terwijl er een aantal joden, christenen en moslims zijn die liever sterven dan een compromis over hun geloof te sluiten, zullen de gemiddelde christenen, joden en moslims een maatregel om Jeruzalem tot een \u201cinternationale stad\u201d te maken en om een \u201cinterreligieuze tempel\u201d op de Tempelberg te bouwen waarschijnlijk goedkeuren, indien dit het vooruitzicht van een verdere nucleaire oorlog zou voorkomen. Vanuit ieder standpunt in het Midden-Oosten, zou dit aan belangrijke \u201cfundamenten schudden\u201d, ofwel een \u201cgrote aardbeving\u201d zijn. Zoals we later zullen zien kan dit het \u201cschudden\u201d uit Ezechi\u00ebl 37:7 zijn, als de Efra\u00efmieten beginnen samen te komen.<\/p>\n<p><strong><em>Ezechi\u00ebl 37:7<br \/>\nToen profeteerde ik zoals mij geboden was, en er ontstond een geluid zodra ik profeteerde, en zie, een gedruis! De beenderen kwamen bij elkaar, elk been bij het bijbehorende been.<\/em><\/strong><\/p>\n<p>Het \u201cgedruis\u201d hier is het Hebreeuwse woord \u201cra\u2019ash\u201d (\u05e8\u05b7\u05e2\u05b7\u05e9\u05c1 ), en is hetzelfde word als dat wat wordt gebruikt in het hedendaagse Hebreeuws voor seismische activiteit. Strong\u2019s Hebrew Concordance beschrijft het aldus:<\/p>\n<p><strong><em>OT:7494 ra`ash (rah\u2019-ash); from OT:7493; vibration, bounding, uproar:\u2028KJV \u2013 commotion, confused noise, earthquake, fierceness, quaking, rattling, rushing, shaking.<br \/>\n<\/em><\/strong>En hier is de referentie naar OT:7493:<br \/>\n<strong><em>OT:7493 ra`ash (raw-ash); a primitive root; to undulate (as the earth, the sky, etc.; also a field of grain), particularly through fear; specifically, to spring (as a locust):\u2028KJV \u2013 make afraid, (re-) move, quake, (make to) shake, (make to) tremble.<\/em><\/strong><\/p>\n<p>Ons sociale landschap zou \u201cmeedeinen\u201d, hetgeen te wijten is aan de angst voor een nucleaire vuurzee, en deze angst zal de meeste mensen overtuigen om de Verenigde Naties en hun \u00e9\u00e9n wereldreligie te steunen. Dit zou ook het huis van Efra\u00efm kunnen bewegen om \u201cuit hun verdediging te stappen\u201d en mee te bewegen.<\/p>\n<p>Sommigen zien overeenkomsten tussen Openbaring 6:12 en Jo\u00ebl 2, dat spreekt over de Dag van \u05d9\u05d4\u05d5\u05d4.<\/p>\n<p><strong><em>Hitgalut (Openbaring) 6:12<br \/>\nEn ik zag toen het Lam het zesde zegel geopend had, en zie, er kwam een grote aardbeving, en de zon werd zwart als een haren zak, en de maan werd als bloed,<\/em><\/strong><\/p>\n<p><strong><em>Jo\u00ebl 2:30-31<br \/>\n<\/em><\/strong><strong><em>Ik zal wondertekenen geven aan de hemel en op de aarde: bloed en vuur en rookzuilen. De zon zal veranderd worden in duisternis en de maan in bloed, voor die dag van JHWH komt, die grote en ontzagwekkende.<\/em><\/strong><\/p>\n<p>Zoals we later nog zullen zien is de \u201cDag van \u05d9\u05d4\u05d5\u05d4\u201d misschien wel de beker \/ schaal van oordelen. Zoals aangegeven in de tabel, zal deze komen na de trompetten, maar nog voor Armageddon.<\/p>\n<p>Ons in herinnering roepend dat de aardse schaduw er niet altijd exact uitziet als de hemelse gebeurtenis, kan de verduistering van de zon en de maan die wordt omgezet \u201cin bloed\u201d verwijzen naar de gevolgen van de nucleaire uitwisseling, die grote hoeveelheden puin de lucht in zou gooien. Dit zou zorgen voor een \u201crode maan\u201d en een \u201cnucleaire winter\u201d (waarin de zon verduisterd zal worden).<\/p>\n<p>De \u201cbergen en eilanden\u201d die \u201cvan hun plaatsen zijn bewogen\u201d verwijzen waarschijnlijk naar respectievelijk overheden en nationale grenzen. Ze zouden \u201cvan hun plaatsen worden bewogen\u201d als de VN volledige macht zou krijgen en de Tempelberg aan de paus zou geven, zodanig dat hij daarop een interreligieuze tempel zou vestigen in Jeruzalem. Het kan ongeveer 14 jaar duren voordat de onrust gaat \u201csettelen\u201d en overgaat in \u201ceen half uur stilte\u201d die plaatsvindt bij het zevende zegel.<\/p>\n<p>Daarnaast speelt het verhaal van de verzegeling van de 144.000 waarna het overgaat naar het zevende zegel, en op dat moment zal er \u201ceen half uur van stilte\u201d zijn in de hemel.<\/p>\n<p><strong><em>Hitgalut (Openbaring) 8:1<br \/>\nEn toen het Lam het zevende zegel geopend had, kwam er een stilte in de hemel van ongeveer een half uur.<\/em><\/strong><\/p>\n<p>Als dit getal letterlijk is en Ezechi\u00ebl ons het principe geeft dat een profetische dag gelijk is aan een aards jaar<\/p>\n<p><strong><em>Yehezqel (Ezechi\u00ebl) 4:6 \u201cVoor elk jaar leg Ik u een dag op.\u201d <\/em><\/strong>dan zal omdat er 24 uur in een dag zijn, een \u00bd uur 1:48 van een dag zijn. Als we 360 dagen van een Hebreeuwse jaar delen door 48 krijgen we 7,5 dag. Echter, dit levert geen enkele logica op, omdat de gevolgen van de oorlog niet oplossen in die tijd (en de \u201cpolitieke ravage\u201d zal nog langer duren). Als dat dus het geval is, moeten we in plaats daarvan het principe van een dag laten gelden voor 1000 jaar.<\/p>\n<p><strong><em>Kepha Bet (2 Petrus) 3:8\u2028<\/em><\/strong> <strong><em>dat \u00e9\u00e9n dag bij de Heere is als duizend jaar en duizend jaar als \u00e9\u00e9n dag.<\/em><\/strong><\/p>\n<p>Dan komt dezelfde rekensom uit op een periode van 20,83 jaar voordat de verdrukking begint. Dit geeft veel meer zin, want het zou ook voldoende tijd geven om een generatie kinderen te doen opgroeien die ge\u00efndoctrineerd is om te geloven dat de paus op de Tempelberg moet komen, om een nucleaire oorlog te voorkomen.<\/p>\n<p>In de komende hoofdstukken zullen we zien dat het zevende zegel de trompetten opent, die de 7 jaar van verdrukking vormen. We zullen ook zien dat de tweede helft van de 7 jaar verdrukking de tijd is die de \u201ctijd van benauwdheid voor Jakob\u201d wordt genoemd. Degenen die zich niet aan de nieuwe verenigde religie onderwerpen zullen worden opgejaagd in die tijd. Dit zal veel gemakkelijker zijn als er een hele generatie soldaten is opgevoed die gelooft dat het nucleaire conflict in het zesde zegel werd veroorzaakt door fundamentele christelijke, joodse en islamitische overtuigingen, en dat een dergelijk fundamenteel geloof het kwaad is, en alleen maar kan leiden tot oorlog.<\/p>\n<p>Het is ook mogelijk dat dit \u201chalf uur\u201d niet gelijk is aan 20,8 aardse jaren, maar slechts verwijst naar \u201ceen bepaalde tijd\u201d. We zullen andere voorbeelden van dit soort dingen zien. Maar naar ons idee is het, afgezien van de duur, deze periode die wordt gebruikt om een anti-Messias in de tempel te vestigen.<\/p>\n","protected":false},"excerpt":{"rendered":"<p>Op deze pagina vindt u meer informatie over Zegel 6 en de droge beenderen. Satan is al honderden jaren bezig de basis [&hellip;]<\/p>\n","protected":false},"author":2,"featured_media":0,"parent":1558,"menu_order":3,"comment_status":"closed","ping_status":"closed","template":"","meta":{"footnotes":""},"class_list":["post-1575","page","type-page","status-publish","hentry"],"yoast_head":"<!-- This site is optimized with the Yoast SEO plugin v27.5 - https:\/\/yoast.com\/product\/yoast-seo-wordpress\/ -->\n<title>Zegel 6 en de droge beenderen | Beit Emoenah<\/title>\n<meta name=\"description\" content=\"Zegel 6 en de droge beenderen bij Beit Emoenah. Bekijk alle informatie, veelgestelde vragen en neem vandaag nog contact met ons op voor persoonlijk advies.\" \/>\n<meta name=\"robots\" content=\"index, follow, max-snippet:-1, max-image-preview:large, max-video-preview:-1\" \/>\n<link rel=\"canonical\" href=\"https:\/\/beit-emoenah.nl\/26\/studies\/openbaring\/zegel-6-en-de-droge-beenderen\/\" \/>\n<meta property=\"og:locale\" content=\"nl_NL\" \/>\n<meta property=\"og:type\" content=\"article\" \/>\n<meta property=\"og:title\" content=\"Zegel 6 en de droge beenderen - Beit Emoenah\" \/>\n<meta property=\"og:description\" content=\"Zegel 6 en de droge beenderen - Alle informatie bij Beit Emoenah.\" \/>\n<meta property=\"og:url\" content=\"https:\/\/beit-emoenah.nl\/26\/studies\/openbaring\/zegel-6-en-de-droge-beenderen\/\" \/>\n<meta property=\"og:site_name\" content=\"Beit Emoenah\" \/>\n<meta property=\"article:modified_time\" content=\"2017-09-19T15:33:37+00:00\" \/>\n<meta name=\"twitter:card\" content=\"summary_large_image\" \/>\n<meta name=\"twitter:title\" content=\"Zegel 6 en de droge beenderen - Beit Emoenah\" \/>\n<meta name=\"twitter:description\" content=\"Zegel 6 en de droge beenderen - Alle informatie bij Beit Emoenah.\" \/>\n<meta name=\"twitter:label1\" content=\"Geschatte leestijd\" \/>\n\t<meta name=\"twitter:data1\" content=\"10 minuten\" \/>\n<script type=\"application\/ld+json\" class=\"yoast-schema-graph\">{\"@context\":\"https:\\\/\\\/schema.org\",\"@graph\":[{\"@type\":\"WebPage\",\"@id\":\"https:\\\/\\\/beit-emoenah.nl\\\/26\\\/studies\\\/openbaring\\\/zegel-6-en-de-droge-beenderen\\\/\",\"url\":\"https:\\\/\\\/beit-emoenah.nl\\\/26\\\/studies\\\/openbaring\\\/zegel-6-en-de-droge-beenderen\\\/\",\"name\":\"Zegel 6 en de droge beenderen | Beit Emoenah\",\"isPartOf\":{\"@id\":\"https:\\\/\\\/beit-emoenah.nl\\\/26\\\/#website\"},\"datePublished\":\"2013-11-20T15:16:01+00:00\",\"dateModified\":\"2017-09-19T15:33:37+00:00\",\"description\":\"Zegel 6 en de droge beenderen bij Beit Emoenah. Bekijk alle informatie, veelgestelde vragen en neem vandaag nog contact met ons op voor persoonlijk advies.\",\"breadcrumb\":{\"@id\":\"https:\\\/\\\/beit-emoenah.nl\\\/26\\\/studies\\\/openbaring\\\/zegel-6-en-de-droge-beenderen\\\/#breadcrumb\"},\"inLanguage\":\"nl-NL\",\"potentialAction\":[{\"@type\":\"ReadAction\",\"target\":[\"https:\\\/\\\/beit-emoenah.nl\\\/26\\\/studies\\\/openbaring\\\/zegel-6-en-de-droge-beenderen\\\/\"]}]},{\"@type\":\"BreadcrumbList\",\"@id\":\"https:\\\/\\\/beit-emoenah.nl\\\/26\\\/studies\\\/openbaring\\\/zegel-6-en-de-droge-beenderen\\\/#breadcrumb\",\"itemListElement\":[{\"@type\":\"ListItem\",\"position\":1,\"name\":\"Home\",\"item\":\"https:\\\/\\\/beit-emoenah.nl\\\/26\\\/\"},{\"@type\":\"ListItem\",\"position\":2,\"name\":\"Studies\",\"item\":\"https:\\\/\\\/beit-emoenah.nl\\\/26\\\/studies\\\/\"},{\"@type\":\"ListItem\",\"position\":3,\"name\":\"Openbaring\",\"item\":\"https:\\\/\\\/beit-emoenah.nl\\\/26\\\/studies\\\/openbaring\\\/\"},{\"@type\":\"ListItem\",\"position\":4,\"name\":\"Zegel 6 en de droge beenderen\"}]},{\"@type\":\"WebSite\",\"@id\":\"https:\\\/\\\/beit-emoenah.nl\\\/26\\\/#website\",\"url\":\"https:\\\/\\\/beit-emoenah.nl\\\/26\\\/\",\"name\":\"Beit Emoenah\",\"description\":\"Huis van geloof, vertrouwen, kracht en liefde\",\"publisher\":{\"@id\":\"https:\\\/\\\/beit-emoenah.nl\\\/26\\\/#organization\"},\"potentialAction\":[{\"@type\":\"SearchAction\",\"target\":{\"@type\":\"EntryPoint\",\"urlTemplate\":\"https:\\\/\\\/beit-emoenah.nl\\\/26\\\/?s={search_term_string}\"},\"query-input\":{\"@type\":\"PropertyValueSpecification\",\"valueRequired\":true,\"valueName\":\"search_term_string\"}}],\"inLanguage\":\"nl-NL\"},{\"@type\":\"Organization\",\"@id\":\"https:\\\/\\\/beit-emoenah.nl\\\/26\\\/#organization\",\"name\":\"Beit Emoenah\",\"url\":\"https:\\\/\\\/beit-emoenah.nl\\\/26\\\/\",\"logo\":{\"@type\":\"ImageObject\",\"inLanguage\":\"nl-NL\",\"@id\":\"https:\\\/\\\/beit-emoenah.nl\\\/26\\\/#\\\/schema\\\/logo\\\/image\\\/\",\"url\":\"https:\\\/\\\/beit-emoenah.nl\\\/26\\\/wp-content\\\/uploads\\\/2024\\\/07\\\/Logo-beit-emoenah.jpeg\",\"contentUrl\":\"https:\\\/\\\/beit-emoenah.nl\\\/26\\\/wp-content\\\/uploads\\\/2024\\\/07\\\/Logo-beit-emoenah.jpeg\",\"width\":573,\"height\":480,\"caption\":\"Beit Emoenah\"},\"image\":{\"@id\":\"https:\\\/\\\/beit-emoenah.nl\\\/26\\\/#\\\/schema\\\/logo\\\/image\\\/\"}}]}<\/script>\n<!-- \/ Yoast SEO plugin. -->","yoast_head_json":{"title":"Zegel 6 en de droge beenderen | Beit Emoenah","description":"Zegel 6 en de droge beenderen bij Beit Emoenah. Bekijk alle informatie, veelgestelde vragen en neem vandaag nog contact met ons op voor persoonlijk advies.","robots":{"index":"index","follow":"follow","max-snippet":"max-snippet:-1","max-image-preview":"max-image-preview:large","max-video-preview":"max-video-preview:-1"},"canonical":"https:\/\/beit-emoenah.nl\/26\/studies\/openbaring\/zegel-6-en-de-droge-beenderen\/","og_locale":"nl_NL","og_type":"article","og_title":"Zegel 6 en de droge beenderen - Beit Emoenah","og_description":"Zegel 6 en de droge beenderen - Alle informatie bij Beit Emoenah.","og_url":"https:\/\/beit-emoenah.nl\/26\/studies\/openbaring\/zegel-6-en-de-droge-beenderen\/","og_site_name":"Beit Emoenah","article_modified_time":"2017-09-19T15:33:37+00:00","twitter_card":"summary_large_image","twitter_title":"Zegel 6 en de droge beenderen - Beit Emoenah","twitter_description":"Zegel 6 en de droge beenderen - Alle informatie bij Beit Emoenah.","twitter_misc":{"Geschatte leestijd":"10 minuten"},"schema":{"@context":"https:\/\/schema.org","@graph":[{"@type":"WebPage","@id":"https:\/\/beit-emoenah.nl\/26\/studies\/openbaring\/zegel-6-en-de-droge-beenderen\/","url":"https:\/\/beit-emoenah.nl\/26\/studies\/openbaring\/zegel-6-en-de-droge-beenderen\/","name":"Zegel 6 en de droge beenderen | Beit Emoenah","isPartOf":{"@id":"https:\/\/beit-emoenah.nl\/26\/#website"},"datePublished":"2013-11-20T15:16:01+00:00","dateModified":"2017-09-19T15:33:37+00:00","description":"Zegel 6 en de droge beenderen bij Beit Emoenah. Bekijk alle informatie, veelgestelde vragen en neem vandaag nog contact met ons op voor persoonlijk advies.","breadcrumb":{"@id":"https:\/\/beit-emoenah.nl\/26\/studies\/openbaring\/zegel-6-en-de-droge-beenderen\/#breadcrumb"},"inLanguage":"nl-NL","potentialAction":[{"@type":"ReadAction","target":["https:\/\/beit-emoenah.nl\/26\/studies\/openbaring\/zegel-6-en-de-droge-beenderen\/"]}]},{"@type":"BreadcrumbList","@id":"https:\/\/beit-emoenah.nl\/26\/studies\/openbaring\/zegel-6-en-de-droge-beenderen\/#breadcrumb","itemListElement":[{"@type":"ListItem","position":1,"name":"Home","item":"https:\/\/beit-emoenah.nl\/26\/"},{"@type":"ListItem","position":2,"name":"Studies","item":"https:\/\/beit-emoenah.nl\/26\/studies\/"},{"@type":"ListItem","position":3,"name":"Openbaring","item":"https:\/\/beit-emoenah.nl\/26\/studies\/openbaring\/"},{"@type":"ListItem","position":4,"name":"Zegel 6 en de droge beenderen"}]},{"@type":"WebSite","@id":"https:\/\/beit-emoenah.nl\/26\/#website","url":"https:\/\/beit-emoenah.nl\/26\/","name":"Beit Emoenah","description":"Huis van geloof, vertrouwen, kracht en liefde","publisher":{"@id":"https:\/\/beit-emoenah.nl\/26\/#organization"},"potentialAction":[{"@type":"SearchAction","target":{"@type":"EntryPoint","urlTemplate":"https:\/\/beit-emoenah.nl\/26\/?s={search_term_string}"},"query-input":{"@type":"PropertyValueSpecification","valueRequired":true,"valueName":"search_term_string"}}],"inLanguage":"nl-NL"},{"@type":"Organization","@id":"https:\/\/beit-emoenah.nl\/26\/#organization","name":"Beit Emoenah","url":"https:\/\/beit-emoenah.nl\/26\/","logo":{"@type":"ImageObject","inLanguage":"nl-NL","@id":"https:\/\/beit-emoenah.nl\/26\/#\/schema\/logo\/image\/","url":"https:\/\/beit-emoenah.nl\/26\/wp-content\/uploads\/2024\/07\/Logo-beit-emoenah.jpeg","contentUrl":"https:\/\/beit-emoenah.nl\/26\/wp-content\/uploads\/2024\/07\/Logo-beit-emoenah.jpeg","width":573,"height":480,"caption":"Beit Emoenah"},"image":{"@id":"https:\/\/beit-emoenah.nl\/26\/#\/schema\/logo\/image\/"}}]}},"_links":{"self":[{"href":"https:\/\/beit-emoenah.nl\/26\/wp-json\/wp\/v2\/pages\/1575","targetHints":{"allow":["GET"]}}],"collection":[{"href":"https:\/\/beit-emoenah.nl\/26\/wp-json\/wp\/v2\/pages"}],"about":[{"href":"https:\/\/beit-emoenah.nl\/26\/wp-json\/wp\/v2\/types\/page"}],"author":[{"embeddable":true,"href":"https:\/\/beit-emoenah.nl\/26\/wp-json\/wp\/v2\/users\/2"}],"replies":[{"embeddable":true,"href":"https:\/\/beit-emoenah.nl\/26\/wp-json\/wp\/v2\/comments?post=1575"}],"version-history":[{"count":5,"href":"https:\/\/beit-emoenah.nl\/26\/wp-json\/wp\/v2\/pages\/1575\/revisions"}],"predecessor-version":[{"id":3841,"href":"https:\/\/beit-emoenah.nl\/26\/wp-json\/wp\/v2\/pages\/1575\/revisions\/3841"}],"up":[{"embeddable":true,"href":"https:\/\/beit-emoenah.nl\/26\/wp-json\/wp\/v2\/pages\/1558"}],"wp:attachment":[{"href":"https:\/\/beit-emoenah.nl\/26\/wp-json\/wp\/v2\/media?parent=1575"}],"curies":[{"name":"wp","href":"https:\/\/api.w.org\/{rel}","templated":true}]}}