{"id":1837,"date":"2014-02-11T22:29:37","date_gmt":"2014-02-11T21:29:37","guid":{"rendered":"http:\/\/beit-emoenah.nl\/26\/?page_id=1837"},"modified":"2021-12-31T11:47:56","modified_gmt":"2021-12-31T09:47:56","slug":"israel-ondersteuning-projecten","status":"publish","type":"page","link":"https:\/\/beit-emoenah.nl\/26\/activiteiten\/israel-ondersteuning-projecten\/","title":{"rendered":"Isra\u00ebl ondersteuning projecten (Isra\u00ebl support projects)"},"content":{"rendered":"<p>Op deze pagina vindt u meer informatie over Isra\u00ebl ondersteuning projecten (Isra\u00ebl support projects).<\/p>\n<div class=\"entry-content\">\n<p>Wij ondersteunen Isra\u00ebl o.a. bij de volgende projecten:<\/p>\n<ul class=\"children\">\n<li class=\"page_item page-item-1841\"><a href=\"https:\/\/beit-emoenah.nl\/26\/activiteiten\/israel-ondersteuning-projecten\/project-child-to-child\/\">Project \u201cChild to Child\u201d<\/a><\/li>\n<li class=\"page_item page-item-2584\"><a href=\"https:\/\/beit-emoenah.nl\/26\/israel-ondersteuning\/shomer-le-jeled-moeders-en-pasgeboren-babys\/\">Project Shomer le Jeled, moeders en pasgeboren baby\u2019s<\/a><\/li>\n<li><a href=\"https:\/\/beit-emoenah.nl\/26\/educa-leerhuis-jerusalem\/\">E-duca leerhuis<\/a><\/li>\n<li><a href=\"https:\/\/beit-emoenah.nl\/26\/israel-ondersteuning\/jerusalem-israel-ring-boomplantactie\/\">Jerusalem Isra\u00ebl Ring boomplantactie<\/a><\/li>\n<li><a href=\"https:\/\/beit-emoenah.nl\/26\/activiteiten\/israel-ondersteuning-projecten\/children-relief-camping-project\/\">Children relief camping project<\/a><\/li>\n<\/ul>\n<p>Voor details van deze projecten ga naar de subpagina\u2019s van \u2018Isra\u00ebl ondersteuning\/support\u2019<br \/>\nof klik op de individuele bovenstaande linken.<\/p>\n<p>&nbsp;<\/p>\n<\/div>\n<p>&nbsp;<\/p>\n","protected":false},"excerpt":{"rendered":"<p>Op deze pagina vindt u meer informatie over Isra\u00ebl ondersteuning projecten (Isra\u00ebl support projects). Wij ondersteunen Isra\u00ebl o.a. bij de volgende projecten: [&hellip;]<\/p>\n","protected":false},"author":2,"featured_media":0,"parent":56,"menu_order":6,"comment_status":"closed","ping_status":"closed","template":"","meta":{"footnotes":""},"class_list":["post-1837","page","type-page","status-publish","hentry"],"yoast_head":"<!-- This site is optimized with the Yoast SEO plugin v27.2 - https:\/\/yoast.com\/product\/yoast-seo-wordpress\/ -->\n<title>Isra\u00ebl ondersteuning projecten (Isra\u00ebl support... | Beit Emoenah<\/title>\n<meta name=\"description\" content=\"Isra\u00ebl ondersteuning projecten (Isra\u00ebl support projects) bij Beit Emoenah. Bekijk alle informatie, veelgestelde vragen en neem vandaag nog contact met...\" \/>\n<meta name=\"robots\" content=\"index, follow, max-snippet:-1, max-image-preview:large, max-video-preview:-1\" \/>\n<link rel=\"canonical\" href=\"https:\/\/beit-emoenah.nl\/26\/activiteiten\/israel-ondersteuning-projecten\/\" \/>\n<meta property=\"og:locale\" content=\"nl_NL\" \/>\n<meta property=\"og:type\" content=\"article\" \/>\n<meta property=\"og:title\" content=\"Isra\u00ebl ondersteuning projecten (Isra\u00ebl support projects) - Beit...\" \/>\n<meta property=\"og:description\" content=\"Isra\u00ebl ondersteuning projecten (Isra\u00ebl support projects) - Alle informatie bij Beit Emoenah.\" \/>\n<meta property=\"og:url\" content=\"https:\/\/beit-emoenah.nl\/26\/activiteiten\/israel-ondersteuning-projecten\/\" \/>\n<meta property=\"og:site_name\" content=\"Beit Emoenah\" \/>\n<meta property=\"article:modified_time\" content=\"2021-12-31T09:47:56+00:00\" \/>\n<meta name=\"twitter:card\" content=\"summary_large_image\" \/>\n<meta name=\"twitter:title\" content=\"Isra\u00ebl ondersteuning projecten (Isra\u00ebl support projects) - Beit...\" \/>\n<meta name=\"twitter:description\" content=\"Isra\u00ebl ondersteuning projecten (Isra\u00ebl support projects) - Alle informatie bij Beit Emoenah.\" \/>\n<script type=\"application\/ld+json\" class=\"yoast-schema-graph\">{\"@context\":\"https:\/\/schema.org\",\"@graph\":[{\"@type\":\"WebPage\",\"@id\":\"https:\/\/beit-emoenah.nl\/26\/activiteiten\/israel-ondersteuning-projecten\/\",\"url\":\"https:\/\/beit-emoenah.nl\/26\/activiteiten\/israel-ondersteuning-projecten\/\",\"name\":\"Isra\u00ebl ondersteuning projecten (Isra\u00ebl support... | Beit Emoenah\",\"isPartOf\":{\"@id\":\"https:\/\/beit-emoenah.nl\/26\/#website\"},\"datePublished\":\"2014-02-11T21:29:37+00:00\",\"dateModified\":\"2021-12-31T09:47:56+00:00\",\"description\":\"Isra\u00ebl ondersteuning projecten (Isra\u00ebl support projects) bij Beit Emoenah. Bekijk alle informatie, veelgestelde vragen en neem vandaag nog contact met...\",\"breadcrumb\":{\"@id\":\"https:\/\/beit-emoenah.nl\/26\/activiteiten\/israel-ondersteuning-projecten\/#breadcrumb\"},\"inLanguage\":\"nl-NL\",\"potentialAction\":[{\"@type\":\"ReadAction\",\"target\":[\"https:\/\/beit-emoenah.nl\/26\/activiteiten\/israel-ondersteuning-projecten\/\"]}]},{\"@type\":\"BreadcrumbList\",\"@id\":\"https:\/\/beit-emoenah.nl\/26\/activiteiten\/israel-ondersteuning-projecten\/#breadcrumb\",\"itemListElement\":[{\"@type\":\"ListItem\",\"position\":1,\"name\":\"Home\",\"item\":\"https:\/\/beit-emoenah.nl\/26\/\"},{\"@type\":\"ListItem\",\"position\":2,\"name\":\"Activiteiten\",\"item\":\"https:\/\/beit-emoenah.nl\/26\/activiteiten\/\"},{\"@type\":\"ListItem\",\"position\":3,\"name\":\"Isra\u00ebl ondersteuning projecten (Isra\u00ebl support projects)\"}]},{\"@type\":\"WebSite\",\"@id\":\"https:\/\/beit-emoenah.nl\/26\/#website\",\"url\":\"https:\/\/beit-emoenah.nl\/26\/\",\"name\":\"Beit Emoenah\",\"description\":\"Huis van geloof, vertrouwen, kracht en liefde\",\"publisher\":{\"@id\":\"https:\/\/beit-emoenah.nl\/26\/#organization\"},\"potentialAction\":[{\"@type\":\"SearchAction\",\"target\":{\"@type\":\"EntryPoint\",\"urlTemplate\":\"https:\/\/beit-emoenah.nl\/26\/?s={search_term_string}\"},\"query-input\":{\"@type\":\"PropertyValueSpecification\",\"valueRequired\":true,\"valueName\":\"search_term_string\"}}],\"inLanguage\":\"nl-NL\"},{\"@type\":\"Organization\",\"@id\":\"https:\/\/beit-emoenah.nl\/26\/#organization\",\"name\":\"Beit Emoenah\",\"url\":\"https:\/\/beit-emoenah.nl\/26\/\",\"logo\":{\"@type\":\"ImageObject\",\"inLanguage\":\"nl-NL\",\"@id\":\"https:\/\/beit-emoenah.nl\/26\/#\/schema\/logo\/image\/\",\"url\":\"https:\/\/beit-emoenah.nl\/26\/wp-content\/uploads\/2024\/07\/Logo-beit-emoenah.jpeg\",\"contentUrl\":\"https:\/\/beit-emoenah.nl\/26\/wp-content\/uploads\/2024\/07\/Logo-beit-emoenah.jpeg\",\"width\":573,\"height\":480,\"caption\":\"Beit Emoenah\"},\"image\":{\"@id\":\"https:\/\/beit-emoenah.nl\/26\/#\/schema\/logo\/image\/\"}}]}<\/script>\n<!-- \/ Yoast SEO plugin. -->","yoast_head_json":{"title":"Isra\u00ebl ondersteuning projecten (Isra\u00ebl support... | Beit Emoenah","description":"Isra\u00ebl ondersteuning projecten (Isra\u00ebl support projects) bij Beit Emoenah. Bekijk alle informatie, veelgestelde vragen en neem vandaag nog contact met...","robots":{"index":"index","follow":"follow","max-snippet":"max-snippet:-1","max-image-preview":"max-image-preview:large","max-video-preview":"max-video-preview:-1"},"canonical":"https:\/\/beit-emoenah.nl\/26\/activiteiten\/israel-ondersteuning-projecten\/","og_locale":"nl_NL","og_type":"article","og_title":"Isra\u00ebl ondersteuning projecten (Isra\u00ebl support projects) - Beit...","og_description":"Isra\u00ebl ondersteuning projecten (Isra\u00ebl support projects) - Alle informatie bij Beit Emoenah.","og_url":"https:\/\/beit-emoenah.nl\/26\/activiteiten\/israel-ondersteuning-projecten\/","og_site_name":"Beit Emoenah","article_modified_time":"2021-12-31T09:47:56+00:00","twitter_card":"summary_large_image","twitter_title":"Isra\u00ebl ondersteuning projecten (Isra\u00ebl support projects) - Beit...","twitter_description":"Isra\u00ebl ondersteuning projecten (Isra\u00ebl support projects) - Alle informatie bij Beit Emoenah.","schema":{"@context":"https:\/\/schema.org","@graph":[{"@type":"WebPage","@id":"https:\/\/beit-emoenah.nl\/26\/activiteiten\/israel-ondersteuning-projecten\/","url":"https:\/\/beit-emoenah.nl\/26\/activiteiten\/israel-ondersteuning-projecten\/","name":"Isra\u00ebl ondersteuning projecten (Isra\u00ebl support... | Beit Emoenah","isPartOf":{"@id":"https:\/\/beit-emoenah.nl\/26\/#website"},"datePublished":"2014-02-11T21:29:37+00:00","dateModified":"2021-12-31T09:47:56+00:00","description":"Isra\u00ebl ondersteuning projecten (Isra\u00ebl support projects) bij Beit Emoenah. Bekijk alle informatie, veelgestelde vragen en neem vandaag nog contact met...","breadcrumb":{"@id":"https:\/\/beit-emoenah.nl\/26\/activiteiten\/israel-ondersteuning-projecten\/#breadcrumb"},"inLanguage":"nl-NL","potentialAction":[{"@type":"ReadAction","target":["https:\/\/beit-emoenah.nl\/26\/activiteiten\/israel-ondersteuning-projecten\/"]}]},{"@type":"BreadcrumbList","@id":"https:\/\/beit-emoenah.nl\/26\/activiteiten\/israel-ondersteuning-projecten\/#breadcrumb","itemListElement":[{"@type":"ListItem","position":1,"name":"Home","item":"https:\/\/beit-emoenah.nl\/26\/"},{"@type":"ListItem","position":2,"name":"Activiteiten","item":"https:\/\/beit-emoenah.nl\/26\/activiteiten\/"},{"@type":"ListItem","position":3,"name":"Isra\u00ebl ondersteuning projecten (Isra\u00ebl support projects)"}]},{"@type":"WebSite","@id":"https:\/\/beit-emoenah.nl\/26\/#website","url":"https:\/\/beit-emoenah.nl\/26\/","name":"Beit Emoenah","description":"Huis van geloof, vertrouwen, kracht en liefde","publisher":{"@id":"https:\/\/beit-emoenah.nl\/26\/#organization"},"potentialAction":[{"@type":"SearchAction","target":{"@type":"EntryPoint","urlTemplate":"https:\/\/beit-emoenah.nl\/26\/?s={search_term_string}"},"query-input":{"@type":"PropertyValueSpecification","valueRequired":true,"valueName":"search_term_string"}}],"inLanguage":"nl-NL"},{"@type":"Organization","@id":"https:\/\/beit-emoenah.nl\/26\/#organization","name":"Beit Emoenah","url":"https:\/\/beit-emoenah.nl\/26\/","logo":{"@type":"ImageObject","inLanguage":"nl-NL","@id":"https:\/\/beit-emoenah.nl\/26\/#\/schema\/logo\/image\/","url":"https:\/\/beit-emoenah.nl\/26\/wp-content\/uploads\/2024\/07\/Logo-beit-emoenah.jpeg","contentUrl":"https:\/\/beit-emoenah.nl\/26\/wp-content\/uploads\/2024\/07\/Logo-beit-emoenah.jpeg","width":573,"height":480,"caption":"Beit Emoenah"},"image":{"@id":"https:\/\/beit-emoenah.nl\/26\/#\/schema\/logo\/image\/"}}]}},"_links":{"self":[{"href":"https:\/\/beit-emoenah.nl\/26\/wp-json\/wp\/v2\/pages\/1837","targetHints":{"allow":["GET"]}}],"collection":[{"href":"https:\/\/beit-emoenah.nl\/26\/wp-json\/wp\/v2\/pages"}],"about":[{"href":"https:\/\/beit-emoenah.nl\/26\/wp-json\/wp\/v2\/types\/page"}],"author":[{"embeddable":true,"href":"https:\/\/beit-emoenah.nl\/26\/wp-json\/wp\/v2\/users\/2"}],"replies":[{"embeddable":true,"href":"https:\/\/beit-emoenah.nl\/26\/wp-json\/wp\/v2\/comments?post=1837"}],"version-history":[{"count":5,"href":"https:\/\/beit-emoenah.nl\/26\/wp-json\/wp\/v2\/pages\/1837\/revisions"}],"predecessor-version":[{"id":6549,"href":"https:\/\/beit-emoenah.nl\/26\/wp-json\/wp\/v2\/pages\/1837\/revisions\/6549"}],"up":[{"embeddable":true,"href":"https:\/\/beit-emoenah.nl\/26\/wp-json\/wp\/v2\/pages\/56"}],"wp:attachment":[{"href":"https:\/\/beit-emoenah.nl\/26\/wp-json\/wp\/v2\/media?parent=1837"}],"curies":[{"name":"wp","href":"https:\/\/api.w.org\/{rel}","templated":true}]}}